4093
List the prime factors of 21804423.
3, 7268141
What are the prime factors of 1887802?
2, 7, 19, 47, 151
List the prime factors of 850896.
2, 3, 19, 311
What are the prime factors of 2379294?
2, 3, 19, 773
What are the prime factors of 1482896?
2, 92681
List the prime factors of 157468.
2, 39367
List the prime factors of 10604080.
2, 5, 83, 1597
List the prime factors of 348275.
5, 13931
What are the prime factors of 3135597?
3, 1045199
List the prime factors of 3943873.
3943873
List the prime factors of 43588.
2, 17, 641
List the prime factors of 220436.
2, 55109
What are the prime factors of 75405?
3, 5, 11, 457
List the prime factors of 528415.
5, 105683
List the prime factors of 305980.
2, 5, 15299
List the prime factors of 607454.
2, 303727
What are the prime factors of 414438?
2, 3, 69073
What are the prime factors of 97515?
3, 5, 11, 197
List the prime factors of 10275835.
5, 631, 3257
List the prime factors of 317875.
5, 2543
List the prime factors of 1045665.
3, 5, 19, 1223
What are the prime factors of 3799184?
2, 367, 647
List the prime factors of 4149109.
67, 61927
What are the prime factors of 739711?
7, 105673
What are the prime factors of 724760?
2, 5, 18119
List the prime factors of 13209764.
2, 359, 9199
List the prime factors of 10646428.
2, 13, 53, 3863
What are the prime factors of 2994?
2, 3, 499
List the prime factors of 898085.
5, 53, 3389
What are the prime factors of 21590691?
3, 7196897
What are the prime factors of 989054?
2, 11, 61, 67
What are the prime factors of 179899?
179899
What are the prime factors of 8894501?
7, 11, 115513
List the prime factors of 697981.
23, 30347
List the prime factors of 5166790.
2, 5, 516679
What are the prime factors of 2291799?
3, 19, 31, 1297
List the prime factors of 12453.
3, 7, 593
List the prime factors of 108184.
2, 13523
What are the prime factors of 4145490?
2, 3, 5, 46061
List the prime factors of 121694.
2, 71, 857
List the prime factors of 24203.
24203
List the prime factors of 5219373.
3, 1739791
What are the prime factors of 622505?
5, 13, 61, 157
List the prime factors of 16208404.
2, 4052101
What are the prime factors of 1977131?
13, 11699
List the prime factors of 893798.
2, 19, 43, 547
List the prime factors of 30141984.
2, 3, 313979
What are the prime factors of 10863762?
2, 3, 7, 13, 101, 197
What are the prime factors of 55048?
2, 7, 983
What are the prime factors of 2863410?
2, 3, 5, 11, 8677
What are the prime factors of 386389?
67, 73, 79
List the prime factors of 15764315.
5, 7, 23, 19583
What are the prime factors of 1052015?
5, 210403
What are the prime factors of 312265?
5, 19, 173
What are the prime factors of 24236?
2, 73, 83
List the prime factors of 93256.
2, 11657
List the prime factors of 324690.
2, 3, 5, 79, 137
List the prime factors of 1077712.
2, 193, 349
What are the prime factors of 24707860?
2, 5, 37, 173, 193
List the prime factors of 363927.
3, 121309
List the prime factors of 1441058.
2, 307, 2347
List the prime factors of 6351978.
2, 3, 1058663
List the prime factors of 5775329.
7, 825047
What are the prime factors of 3015339?
3, 31, 32423
List the prime factors of 800035.
5, 53, 3019
What are the prime factors of 377564?
2, 11, 8581
List the prime factors of 1209040.
2, 5, 7, 17, 127
List the prime factors of 215661.
3, 71887
What are the prime factors of 2846547?
3, 11, 28753
List the prime factors of 11035520.
2, 5, 43, 401
What are the prime factors of 11138162?
2, 7, 17, 53, 883
List the prime factors of 7076703.
3, 2358901
What are the prime factors of 98692?
2, 11, 2243
What are the prime factors of 35972725?
5, 43, 109, 307
What are the prime factors of 137138?
2, 191, 359
What are the prime factors of 505732?
2, 126433
What are the prime factors of 281077?
31, 9067
What are the prime factors of 477757?
7, 131, 521
What are the prime factors of 351451?
29, 12119
What are the prime factors of 8839394?
2, 1277, 3461
What are the prime factors of 18135080?
2, 5, 453377
What are the prime factors of 5060960?
2, 5, 47, 673
List the prime factors of 6896757.
3, 7, 23, 109, 131
What are the prime factors of 10384?
2, 11, 59
List the prime factors of 3981118.
2, 1990559
List the prime factors of 16165730.
2, 5, 7, 230939
List the prime factors of 159813.
3, 1973
What are the prime factors of 6574565?
5, 313, 4201
What are the prime factors of 13780555?
5, 2756111
What are the prime factors of 8593558?
2, 61, 70439
What are the prime factors of 8321636?
2, 17, 53, 2309
What are the prime factors of 205579?
11, 1699
What are the prime factors of 382272?
2, 3, 11, 181
What are the prime factors of 11004710?
2, 5, 1100471
List the prime factors of 5612482.
2, 17, 383, 431
List the prime factors of 1672743.
3, 43, 12967
What are the prime factors of 1426639?
73, 19543
What are the prime factors of 590740?
2, 5, 29537
What are the prime factors of 198760?
2, 5, 4969
What are the prime factors of 601538?
2, 7, 42967
List the prime factors of 174787.
277, 631
What are the prime factors of 1138585?
5, 7, 32531
List the prime factors of 1398919.
43, 32533
What are the prime factors of 2214589?
13, 170353
List the prime factors of 15152645.
5, 29, 31, 3371
What are the prime factors of 889792?
2, 13903
List the prime factors of 2622958.
2, 13, 79, 1277
List the prime factors of 1150739.
1150739
List the prime factors of 48276.
2, 3, 149
List the prime factors of 3527955.
3, 5, 31, 281
What are the prime factors of 484233?
3, 161411
List the prime factors of 16239192.
2, 3, 67, 10099
List the prime factors of 1420752.
2, 3, 29599
List the prime factors of 828208.
2, 37, 1399
What are the prime factors of 541569?
3, 7, 17, 37, 41
What are the prime factors of 118559?
7, 16937
What are the prime factors of 921866?
2, 11, 41903
What are the prime factors of 362937?
3, 311, 389
List the prime factors of 1768464.
2, 3, 12281
What are the prime factors of 531813?
3, 269, 659
What are the prime factors of 265126?
2, 19, 6977
List the prime factors of 5060188.
2, 7, 127, 1423
What are the prime factors of 1225600?
2, 5, 383
List the prime factors of 222633.
3, 29, 853
List the prime factors of 28191305.
5, 47, 119963
List the prime factors of 202171.
41, 4931
List the prime factors of 11582108.
2, 107, 27061
What are the prime factors of 15132?
2, 3, 13, 97
List the prime factors of 698566.
2, 11, 113, 281
List the prime factors of 747280.
2, 5, 9341
List the prime factors of 16296679.
7, 97, 24001
What are the prime factors of 8845251?
3, 71, 131, 317
List the prime factors of 469349.
173, 2713
List the prime factors of 17856910.
2, 5, 1785691
List the prime factors of 588509.
588509
List the prime factors of 360578.
2, 180289
List the prime factors of 1757262.
2, 3, 13, 1733
What are the prime factors of 812939?
812939
What are the prime factors of 6143143?
317, 19379
What are the prime factors of 1402577?
11, 127507
What are the prime factors of 629408?
2, 13, 17, 89
What are the prime factors of 2984581?
2984581
List the prime factors of 579669.
3, 23, 31, 271
List the prime factors of 807055.
5, 161411
List the prime factors of 74921.
7, 11, 139
What are the prime factors of 130885?
5, 26177
List the prime factors of 2622255.
3, 5, 59, 2963
What are the prime factors of 2546475?
3, 5, 19, 1787
List the prime factors of 135864.
2, 3, 17, 37
What are the prime factors of 658870?
2, 5, 41, 1607
List the prime factors of 12377741.
12377741
List the prime factors of 6222069.
3, 7, 4703
List the prime factors of 3771175.
5, 150847
List the prime factors of 6975124.
2, 13, 31, 4327
List the prime factors of 4005384.
2, 3, 157, 1063
List the prime factors of 231559.
231559
List the prime factors of 1638051.
3, 546017
What are the prime factors of 147787?
147787
List the prime factors of 86967.
3, 3221
List the prime factors of 22153802.
2, 11, 1006991
What are the prime factors of 283707?
3, 29, 1087
What are the prime factors of 1152236?
2, 19, 15161
What are the prime factors of 5095266?
2, 3, 11, 77201
List the prime factors of 44303.
7, 6329
List the prime factors of 278818.
2, 139409
List the prime factors of 12350114.
2, 7, 19, 29, 1601
What are the prime factors of 110367?
3, 12263
What are the prime factors of 98275?
5, 3931
What are the prime fa